198?
False
Is 18 a factor of 2268?
True
Does 37 divide 27972?
True
Does 55 divide 4923829?
False
Is 40 a factor of 16482951?
False
Does 4 divide 62912?
True
Is 77 a factor of 102691?
False
Is 1944 a factor of 15347880?
True
Does 29 divide 1280872?
True
Does 337 divide 369352?
True
Is 6 a factor of 4676673?
False
Is 26 a factor of 14848678?
True
Does 167 divide 94188?
True
Is 11 a factor of 4716767?
True
Does 358 divide 294276?
True
Is 59 a factor of 1729939?
True
Does 33 divide 1367817?
True
Does 129 divide 6166071?
True
Does 3 divide 38011?
False
Is 150490 a multiple of 10?
True
Does 880 divide 3357200?
True
Is 70341 a multiple of 3?
True
Does 45 divide 210741?
False
Does 39 divide 4490109?
True
Is 2 a factor of 102054?
True
Is 906 a factor of 11090264?
False
Does 451 divide 111848?
True
Does 425 divide 3312215?
False
Does 725 divide 2905800?
True
Is 52248 a multiple of 17?
False
Is 76 a factor of 5164808?
True
Is 4 a factor of 2275044?
True
Is 97 a factor of 289136?
False
Does 21 divide 205737?
True
Does 458 divide 480442?
True
Is 3 a factor of 373?
False
Is 1483615 a multiple of 35?
True
Is 18393 a multiple of 30?
False
Is 55 a factor of 5428500?
True
Is 427630 a multiple of 745?
True
Does 35 divide 3498880?
True
Is 1145736 a multiple of 317?
False
Does 19 divide 17187552?
True
Is 16 a factor of 28062643?
False
Is 56653 a multiple of 4?
False
Does 182 divide 1282722?
False
Does 879 divide 1951647?
False
Is 133101 a multiple of 217?
False
Is 291498 a multiple of 57?
True
Is 321777 a multiple of 36?
False
Is 23 a factor of 188972?
False
Is 4027008 a multiple of 128?
True
Does 3 divide 46764?
True
Is 13 a factor of 5519959?
False
Is 106005 even?
False
Is 153 a factor of 277236?
True
Does 92 divide 900680?
True
Does 22 divide 1734524?
True
Is 2602065 a multiple of 123?
True
Is 1304730 a multiple of 19?
True
Does 29 divide 1352386?
True
Is 79 a factor of 17225?
False
Is 71 a factor of 1558616?
False
Does 10 divide 3465510?
True
Is 113 a factor of 67687?
True
Is 3402103 a multiple of 296?
False
Does 38 divide 648698?
True
Does 178 divide 3187446?
True
Is 256752 a multiple of 4?
True
Is 979 a factor of 5068517?
False
Is 11666760 a multiple of 798?
True
Is 1197281 a multiple of 57?
False
Is 11346 a multiple of 6?
True
Does 9 divide 19642?
False
Is 21 a factor of 58842?
True
Is 365134 even?
True
Is 22 a factor of 56958?
True
Is 424 a factor of 206064?
True
Is 2025795 a multiple of 309?
False
Is 12541 a multiple of 20?
False
Does 48 divide 428262?
False
Is 20 a factor of 9520?
True
Is 496 a factor of 3522142?
False
Is 2433955 a multiple of 635?
True
Is 42 a factor of 327222?
True
Does 23 divide 610420?
True
Does 112 divide 577920?
True
Is 106805 a multiple of 521?
True
Is 276 a factor of 83744?
False
Is 267 a factor of 12582909?
True
Is 73109 a multiple of 34?
False
Does 250 divide 187500?
True
Is 8692145 a multiple of 749?
True
Does 45 divide 5790?
False
Is 12035845 a multiple of 130?
False
Is 158405 a multiple of 114?
False
Is 20396082 a multiple of 38?
True
Is 30 a factor of 2065170?
True
Does 188 divide 50384?
True
Does 41 divide 20049?
True
Is 302480 a multiple of 152?
True
Does 12 divide 1443108?
True
Does 5 divide 388728?
False
Is 3962224 a multiple of 119?
True
Is 1047479 a multiple of 5?
False
Is 783 a factor of 16479018?
True
Is 191 a factor of 1910556?
False
Is 4762260 a multiple of 32?
False
Is 2684592 a multiple of 824?
True
Is 1266312 a multiple of 21?
False
Is 8 a factor of 11251958?
False
Is 531 a factor of 6828660?
True
Is 26 a factor of 8107372?
True
Is 302269 a multiple of 345?
False
Is 452862 a multiple of 834?
True
Is 99624 a multiple of 42?
True
Does 280 divide 2251523?
False
Is 233320 a multiple of 10?
True
Is 68 a factor of 185472?
False
Is 92 a factor of 15659044?
True
Does 57 divide 66463?
False
Is 307110 a multiple of 435?
True
Is 46032 a multiple of 168?
True
Does 119 divide 70871?
False
Is 18462 a multiple of 66?
False
Is 619816 even?
True
Does 13 divide 15527?
False
Does 15 divide 18898463?
False
Does 9 divide 35220?
False
Does 1381 divide 4949504?
True
Is 14 a factor of 73262?
True
Is 212888 a multiple of 26?
True
Is 139616 a multiple of 499?
False
Does 335 divide 319590?
True
Is 55884 a multiple of 12?
True
Is 5894193 a multiple of 25?
False
Is 245103 a multiple of 23?
False
Is 294 a factor of 1079568?
True
Is 435537 even?
False
Is 88 a factor of 11386950?
False
Does 11 divide 2763519?
True
Does 3 divide 57444?
True
Does 7 divide 1539773?
False
Is 6 a factor of 344429?
False
Is 3 a factor of 37758?
True
Is 6 a factor of 44080?
False
Is 4 a factor of 32044?
True
Is 1934518 a multiple of 45?
False
Is 424530 a multiple of 6?
True
Does 12 divide 5467728?
True
Is 23 a factor of 508070?
True
Is 297 a factor of 419067?
True
Is 948352 a multiple of 18?
False
Does 40 divide 14960480?
True
Is 58806 a multiple of 90?
False
Is 45 a factor of 490329?
False
Is 9480 a multiple of 2?
True
Does 10 divide 5230?
True
Is 4335049 a multiple of 204?
False
Is 71995 a multiple of 30?
False
Does 99 divide 183647?
False
Is 9 a factor of 1220633?
False
Is 6982223 a multiple of 485?
False
Is 406 a factor of 2257977?
False
Is 708537 a multiple of 103?
True
Is 26383 a multiple of 282?
False
Is 14839708 a multiple of 52?
True
Is 126 a factor of 522847?
False
Is 178 a factor of 358837?
False
Does 292 divide 2244896?
True
Does 8 divide 101420?
False
Does 25 divide 2348575?
True
Is 1911643 a multiple of 43?
False
Does 305 divide 118950?
True
Does 18 divide 164016?
True
Does 335 divide 513555?
True
Is 8 a factor of 1090979?
False
Is 154 a factor of 157245?
False
Is 21276797 a multiple of 1299?
False
Is 4 a factor of 4440440?
True
Is 460725 a multiple of 7?
False
Is 576850 a multiple of 415?
True
Is 190 a factor of 7994?
False
Does 107 divide 2948862?
False
Is 2859140 a multiple of 59?
True
Does 9 divide 106987?
False
Is 1479285 a multiple of 355?
True
Does 18 divide 88424?
False
Is 600 a factor of 297000?
True
Does 323 divide 3418955?
True
Is 871 a factor of 9088699?
False
Does 136 divide 85569?
False
Is 108 a factor of 421200?
True
Is 9 a factor of 89312?
False
Is 64237 a multiple of 2?
False
Is 12 a factor of 53975?
False
Is 404 a factor of 4962619?
False
Is 74 a factor of 2557884?
True
Is 3678357 a multiple of 337?
False
Is 37 a factor of 1443777?
True
Does 7 divide 9807?
True
Is 49 a factor of 4514123?
False
Does 4 divide 331510?
False
Is 709087 a multiple of 104?
False
Is 9 a factor of 30891?
False
Is 407 a factor of 1266584?
True
Is 147902 a multiple of 2?
True
Does 62 divide 593085?
False
Is 1329696 a multiple of 54?
True
Is 10 a factor of 63972?
False
Does 73 divide 18396?
True
Does 12 divide 70740?
True
Is 3775035 a multiple of 165?
True
Is 8213 a multiple of 7?
False
Does 98 divide 54457?
False
Is 6974980 a multiple of 92?
True
Does 22 divide 417054?
True
Does 77 divide 345944?
False
Does 98 divide 3099974?
False
Is 109 a factor of 596796?
False
Does 184 divide 100990?
False
Is 23988 a multiple of 12?
True
Does 388 divide 331368?
False
Is 1217851 a multiple of 887?
True
Is 14 a factor of 240282?
True
Is 21 a factor of 93051?
True
Is 1612 a factor of 7055925?
False
Is 303 a factor of 37013?
False
Does 164 divide 185106?
False
Is 25 a factor of 103203?
False
Is 1594514 a multiple of 684?
False
Is 82 a factor of 4721660?
False
Is 254760 a multiple of 440?
True
Is 25 a factor of 10875?
True
Is 515 a factor of 14092545?
False
Is 142 a factor of 4891790?
False
Does 34 divide 3756530?
False
Is 235872 a multiple of 27?
True
Is 56 a factor of 145739?
False
Is 1956239 a multiple of 824?
False
Is 32 a factor of 111368?
False
Does 188 divide 1456436?
True
Is 1305 a factor of 3204387?
False
Is 107 a factor of 1006519?
False
Does 496 divide 55083?
False
Does 9 divide 45081?
True
Does 19 divide 1800051?
False
Does 341 divide 177661?
True
Is 432 a factor of 2196288?
True
Is 222360 a multiple of 68?
True
Is 25 a factor of 959185?
False
Does 107 divide 9201?
False
Is 108357 a multiple of 5?
False
Is 127 a factor of 1028446?
True
Is 1424 a factor of 6771502?
False
Is 1425 a factor of 18455175?
True
Does 8 divide 12712?
True
Is 13278 a multiple of 47?
False
Is 105 a factor of 14013532?
False
Is 6 a factor of 5655?
False
Is 1137108 a multiple of 13?
False
Doe